= -21*u + 143. Determine s(7).
-4
Let l(t) = t**2 + 21*t - 46. Determine l(-23).
0
Let t(k) = k**3 + 6*k**2 + 9*k + 13. Determine t(-4).
9
Let l(h) = -h**3 + 9*h**2 + 23*h + 4. Give l(11).
15
Let v(i) = 15*i**2 - 2*i. Determine v(1).
13
Let s(i) = -46*i. Give s(1).
-46
Let z(t) = -4*t**2 + 4*t - 5. Give z(1).
-5
Let m(g) = 2*g**2 + 13*g - 13. Determine m(-10).
57
Let k(q) = q**2 - 11*q + 2. Determine k(6).
-28
Let r(s) = -s**2 + s + 18. Determine r(5).
-2
Let w(k) = -k**3 - 6*k**2 + 19*k + 99. Determine w(-4).
-9
Let r(z) = 25*z**2 + 1. Give r(-1).
26
Let i(d) = 5*d + 34. Calculate i(-7).
-1
Let m(r) = -r**3 + r**2 + 18*r + 9. Give m(5).
-1
Let x(o) = -o**2 - 2*o - 30. Give x(7).
-93
Let r(o) = -o**3 + 11*o**2 - 2*o + 15. Calculate r(11).
-7
Let v(g) = -g**2 - 6*g + 3. Determine v(-5).
8
Let n(x) = 12*x**2 + 75*x + 15. Give n(-6).
-3
Let r(k) = 11*k - 178. What is r(16)?
-2
Let j(q) = -q**2 + 7*q - 13. Determine j(3).
-1
Let o(m) = m**2 - 19*m - 4. Calculate o(19).
-4
Let a(i) = i**2 + 17*i - 13. Give a(-10).
-83
Let y(h) = 4*h**2 - 11*h + 15. Determine y(6).
93
Let u(c) = -72*c**2 - 3*c - 2. Give u(-1).
-71
Let a(q) = -29*q**2 + q - 1. Give a(-1).
-31
Let d(m) = -19*m + 283. Calculate d(15).
-2
Let g(m) = -m**2 + 3*m - 2. Give g(1).
0
Let j(o) = o**3 - 8*o**2 + 10*o - 4. What is j(6)?
-16
Let m(b) = b**3 + 21*b**2 + 20*b + 3. What is m(-20)?
3
Let r(x) = -7*x - 19. Give r(-7).
30
Let z(r) = -2*r**2 - 72*r - 544. What is z(-11)?
6
Let y(w) = -w**2 - 24*w - 100. What is y(-6)?
8
Let q(i) = -i**2 - 9*i - 2. Calculate q(-6).
16
Let h(j) = -j**3 + 46*j**2 - 4*j + 181. Calculate h(46).
-3
Let z(b) = b**3 - 10*b**2 - 5*b + 1. Calculate z(10).
-49
Let t(m) = m**3 + 6*m**2 - 26*m - 7. What is t(-9)?
-16
Let w(v) = -2*v**3 + 23*v**2 - v + 19. Calculate w(12).
-137
Let y(u) = u**3 - 7*u**2 + 7*u - 6. Give y(6).
0
Let n(d) = d**3 + 14*d**2 - 15*d + 6. What is n(-15)?
6
Let q(p) = p**3 - 5*p**2 - 4*p. Calculate q(5).
-20
Let u(n) = -3*n - 5. Determine u(-3).
4
Let f(k) = 4*k - 22. What is f(-11)?
-66
Let q(y) = -y**3 + 2*y**2 + 3*y + 8. Give q(-3).
44
Let g(x) = 7*x - 4. Calculate g(1).
3
Let t(n) = -2*n**2 + 15*n. Determine t(7).
7
Let y(g) = -7*g + 12. Give y(2).
-2
Let k(t) = 7*t**2 + 2*t + 1. Determine k(-1).
6
Let q(u) = u**2 + 9*u - 48. Calculate q(4).
4
Let y(m) = -m**3 - m**2 + m - 2. Give y(-3).
13
Let b(m) = m**3 + 2*m**2 - 10*m + 1. What is b(4)?
57
Let m(c) = c**3 - 6*c**2 + 3*c - 6. Calculate m(5).
-16
Let q(k) = -6*k**2 + 132*k + 6. Determine q(22).
6
Let b(h) = -2*h + 4. Determine b(-5).
14
Let g(t) = -2*t**3 + 16*t**2 - 18*t + 2. Determine g(1).
-2
Let f(w) = w**3 - 7*w**2 - 17*w + 15. Determine f(9).
24
Let k(v) = 2*v**2 + 13*v - 6. Give k(-6).
-12
Let p(z) = 7*z**2 - 9*z + 5. Calculate p(2).
15
Let s(p) = -9*p - 69. What is s(-8)?
3
Let l(v) = 5*v + 11. Calculate l(-1).
6
Let d(z) = -2*z - 6. Calculate d(-1).
-4
Let v(w) = 2*w**3 + 41*w**2 + 20*w - 32. What is v(-20)?
-32
Let g(j) = j**3 - 17*j**2 - 36*j - 43. What is g(19)?
-5
Let g(n) = -13*n - 37. Determine g(-3).
2
Let t(o) = o**2 + 46*o + 267. What is t(-7)?
-6
Let b(j) = 21*j - 307. Determine b(14).
-13
Let w(v) = v**3 + 12*v**2 + 16*v + 8. Calculate w(-9).
107
Let k(s) = s**3 + 4*s - 7. What is k(2)?
9
Let r(n) = -3*n - 5. Calculate r(2).
-11
Let a(k) = -k + 14. Give a(6).
8
Let k(q) = q**3 - 14*q**2 - q - 12. What is k(0)?
-12
Let l(z) = -z**2 + 19*z - 83. Determine l(13).
-5
Let g(o) = -o**3 - 5*o**2 + 6*o + 1. Calculate g(-6).
1
Let l(q) = -q**2 + 23*q - 64. Determine l(20).
-4
Let c(z) = -z**3 - 7*z**2 + 2. Determine c(-6).
-34
Let i(l) = 28*l + 355. Calculate i(-13).
-9
Let o(b) = -b**2 - 14*b - 32. Determine o(-4).
8
Let q(d) = -5*d**3 - d**2 - 2*d - 1. Calculate q(-1).
5
Let g(s) = 2*s**2 + 4. Give g(-3).
22
Let l(s) = -3*s - 13. Give l(-6).
5
Let u(a) = a**2 + 26*a + 138. Give u(-7).
5
Let h(t) = -7*t - 2. Determine h(-3).
19
Let t(r) = -9*r**2 - 43*r - 41. What is t(-1)?
-7
Let y(j) = -j**3 - 19*j**2 + 43*j + 19. Calculate y(-21).
-2
Let c(s) = s**2 + 6*s. Determine c(-6).
0
Let o(r) = r**3 - 13*r**2 - 13*r - 3. Calculate o(14).
11
Let r(l) = -l**2 + 3*l - 3. What is r(2)?
-1
Let b(p) = -3*p**2 + 12*p - 14. Give b(3).
-5
Let m(h) = h**3 - 7*h**2 + h - 3. Determine m(5).
-48
Let y(u) = -u**3 + 7*u**2 - 9*u + 6. Determine y(4).
18
Let t(j) = 37*j - 7. Calculate t(2).
67
Let b(r) = 3*r**3 + 5*r**2 + 3*r + 5. Give b(-2).
-5
Let r(j) = -j**2 + 3*j - 3. Calculate r(4).
-7
Let i(o) = -o**3 - 11*o**2 + 24*o - 6. Give i(-13).
20
Let g(j) = 8*j - 56. What is g(13)?
48
Let w(r) = 17*r - 16. Give w(3).
35
Let j(u) = -9*u**2 - 538*u + 124. Determine j(-60).
4
Let k(q) = -q**3 + 5*q**2 + 10. Calculate k(5).
10
Let x(z) = z**2 - 4*z - 6. What is x(5)?
-1
Let i(f) = -8*f + 4. Calculate i(2).
-12
Let c(y) = y + 2. Determine c(7).
9
Let z(c) = -c**3 + 6*c**2 - c - 14. Determine z(5).
6
Let k(b) = b**2 + 6*b - 47. Calculate k(-10).
-7
Let h(w) = -w**2 - 7*w + 3. Determine h(-6).
9
Let l(m) = m**3 - 10*m**2 + 2*m - 17. Determine l(10).
3
Let s(b) = -3*b - 14. Determine s(7).
-35
Let p(l) = 8*l**2 - 1. Calculate p(1).
7
Let c(u) = 2*u - 1. Calculate c(4).
7
Let s(b) = b**3 + 6*b**2 - b - 8. Calculate s(-6).
-2
Let t(s) = s**2 - 20*s + 35. Calculate t(18).
-1
Let z(q) = -14*q + 4. What is z(4)?
-52
Let f(o) = -o**2 - 19*o + 72. Give f(-22).
6
Let m(y) = -5*y. Calculate m(2).
-10
Let a(o) = 7*o + 4. Determine a(-4).
-24
Let p(g) = -g**2 + 7*g - 16. Determine p(3).
-4
Let z(a) = a**3 + 4*a**2 - 35*a - 152. Calculate z(-4).
-12
Let n(q) = -3*q + 16. Give n(-4).
28
Let n(k) = k - 3. Calculate n(0).
-3
Let w(z) = -3*z + 27. Give w(-15).
72
Let z(y) = -6*y + 11. Calculate z(-4).
35
Let n(h) = -h**2 - h + 40. What is n(7)?
-16
Let p(f) = -4*f - 100. What is p(-10)?
-60
Let t(r) = 8*r + 3. What is t(4)?
35
Let i(f) = f**2 + 16*f + 17. Give i(-12).
-31
Let s(y) = -y**2 + 7*y + 10. Calculate s(12).
-50
Let y(q) = 10*q**2 - q + 1. Determine y(-1).
12
Let b(a) = -a + 12. Determine b(13).
-1
Let f(l) = -7*l**2 + 2*l + 10. Give f(4).
-94
Let b(r) = -r - 8. Calculate b(20).
-28
Let v(s) = -s**2 + 5*s - 2. Give v(3).
4
Let l(f) = 3*f + 13. Determine l(-2).
7
Let d(h) = h**3 - 29*h**2 - 29*h - 25. Determine d(30).
5
Let b(m) = -m**3 - 7*m**2 + 2*m - 41. What is b(-8)?
7
Let f(j) = -24*j**2 - j + 2. Give f(1).
-23
Let v(o) = -3*o - 3. Calculate v(-9).
24
Let p(z) = z**3 + 24*z**2 + 63*z. Determine p(-21).
0
Let k(a) = -531*a - 533. Calculate k(-1).
-2
Let c(u) = -116*u - 3. Calculate c(-1).
113
Let q(w) = w**2 + 10*w + 14. Calculate q(-9).
5
Let d(j) = -19*j - 24. Determine d(3).
-81
Let s(f) = -f**3 + f + 5. What is s(0)?
5
Let u(h) = 3*h + 2. Determine u(-5).
-13
Let h(r) = r**3 + 8*r**2 - 34*r + 2. Determine h(-11).
13
Let z(v) = v**3 - 32*v**2 + 2*v - 73. Determine z(32).
-9
Let l(f) = -f**2 + 24*f - 47. Calculate l(20).
33
Let f(m) = -2*m**2 - 19*m - 17. Give f(-9).
-8
Let k(h) = h**2 - 6*h - 1. Determine k(8).
15
Let p(b) = 23*b. What is p(-1)?
-23
Let t(b) = -b**3 - 10*b**2 + 8*b - 26. Determine t(-11).
7
Let k(y) = -12*y + 8. What is k(-5)?
68
Let r(j) = 14*j**3 - j**2 + j + 1. What is r(-1)?
-15
Let m(p) = -5*p - 23. Give m(4).
-43
Let v(w) = 68*w - 17. Give v(1).
51
Let w(r) = -r**3 + 4*r**2 - 6*r + 3. What is w(3)?
-6
Let p(b) = 3*b + 4. Calculate p(-6).
-14
Let v(c) = -c**2 + 24*c + 108. Give v(28).
-4
Let d(y) = -16*y - 93. What is d(-6)?
3
Let r(u) = -3*u - 35. Determine r(-7).
-14
Let a(k) = -k**3 + 11*k**2 + 27*k - 11. Calculate a(13).
2
Let b(s) = s**3 + 4*s**2 + 7*s - 1. What is b(-5)?
-61
Let n(k) = -30*k + 98. Give n(3).
8
Let w(f) = -f**2 - 21*f + 26. Calculate w(-23).
-20
Let l(z) = 3*z + 7. Calculate l(-2).
1
Let i(p) = -3*p + 2. Determine i(-2).
8
Let m(q) = q**3 - 9*q**2 - 10*q - 19. Give m(10).
-19
Let j(i) = 12*i - 56. Give j(5).
4
Let d(y) = -21*y**2 + y + 1. Determine d(-1).
-21
Let r(g) = 4*g**3 + 48*g**2 - 4*g - 8. Determine r(-12).
40
Let s(v) = 3*v**2 - 11*v - 10. Give s(5).
10
Let i(f) = f**2 - 3*f - 8. Determine i(6).
10
Let z(r) = -r**3 + 17*r**2 - 25*r - 51. Calculate z(15).
24
Let x(c) = -c**3 - 5*c**2 + c - 1. Give x(-4).
-21
Let n(w) = w**2 - 3*w - 5. Give n(4).
-1
Let l(j) = j**3 + 7*j**2 + 7*j - 1. What is l(-5)?
14
Let k(l) = l**3 + 25*l**2 - 54*l + 35. Determine 